4 + 3 + (-2 - 4).
2
Evaluate (-1 - -2) + 6 - (-65 - -69).
3
What is (-3 - (4 - 3)) + 9?
5
What is the value of 3 + -8 - -7 - 6?
-4
(-5 - -3 - -5) + -1
2
Evaluate 8 + -10 + -8 + 13.
3
3 - (1 + (-5 - -10))
-3
What is the value of (5 - 8) + 5 - (7 - 1)?
-4
Evaluate -5 + 1 + 0 + -1.
-5
Calculate 1 + 0 - (3 + -1 + -5).
4
What is the value of 0 + (-6 + 4 + 4 - 5)?
-3
Evaluate -4 - ((-6 - (-3 - 1)) + -4).
2
What is -6 - (-7 + (1 - (-4 - -1)))?
-3
What is the value of -9 + 7 + -1 + -2?
-5
What is 4 + -2 - (2 + -2 - 4)?
6
2 - 2 - (1 - -1)
-2
Calculate -10 + 15 + (-6 - 8 - -6).
-3
Calculate (6 - (-7 - -12 - -4)) + -5.
-8
What is -1 - (-9 + 7 + -6)?
7
Calculate -1 + 3 + -2 + 3.
3
What is 0 + -6 - (-3 - -4)?
-7
Calculate 4 + (4 - 5 - 2).
1
What is the value of -8 + 12 + -7 - (-2 + 6)?
-7
-5 + 1 + (-1 - -8)
3
What is -6 - -1 - (-7 + 4 - 1)?
-1
-19 - -21 - (2 + (3 - 0))
-3
What is 0 - ((1 - 5) + 8)?
-4
Evaluate 24 - 27 - (-1 - 4).
2
Evaluate 4 + 0 - (14 - 10).
0
What is (-153 - -165) + (1 - 2) + -3?
8
What is the value of -4 - (-7 + (0 - -4) + 0)?
-1
3 + -7 - (0 - (6 + -2))
0
Calculate -117 + 130 + 0 + -7 + 0.
6
What is the value of 3 + 0 - ((14 - 11) + 2)?
-2
(-3 - (0 + -2) - -2) + 3
4
(-1 - 1) + (2 - -2) - 4
-2
Evaluate 3 + (-5 - -3) + -5 + 9.
5
1 - (5 - (-2 - 1) - 1)
-6
-2 + (3 + -6 - -3) - -4
2
What is -11 - ((-6 - -1) + (-24 - -23))?
-5
What is the value of -14 + 4 - -11 - 1?
0
7 - (3 + 3 + -2)
3
Calculate (-5 - (0 + 4)) + 5.
-4
(3 - (3 + 5)) + 10
5
What is -11 - -15 - (-2 + 6)?
0
What is the value of (0 + -1 - 1) + -3 + 7?
2
What is the value of 7 + -7 - (-10 - -9)?
1
Evaluate 4 + 2 - 9 - (-4 - 1).
2
Calculate 0 + 5 - (-1 + -17 + 32).
-9
Evaluate -4 + 2 - (0 - (2 + -2)).
-2
Evaluate 5 - 0 - -6 - 3.
8
Evaluate (3 - -2) + -3 + 3 + -2.
3
Calculate 5 - (-4 + 4 + 2).
3
Evaluate 5 + (-15 - -4) + -2 + 11.
3
-1 - (1 - (2 - -2))
2
What is the value of -1 - -5 - (-25 - -24)?
5
Calculate 3 + -1 - -1 - (-3 - -3).
3
8 + (-8 - (7 + -1))
-6
What is the value of -4 + (-1 - -25) - 13?
7
What is (7 - (5 + -1)) + -5?
-2
What is (-4 - -8) + -2 - (-5 - -3)?
4
-2 - -1 - (-12 + 10)
1
Evaluate (0 - -10) + -13 + 6 + -7.
-4
Calculate (5 - 5) + 7 + 0 - 1.
6
Calculate (-4 - -4 - -3) + 1 + -7.
-3
Evaluate -1 + -6 - (-4 - 3).
0
What is the value of -1 - ((-1 - (4 - -4)) + 5)?
3
What is 3 + -4 + 2 + -2?
-1
What is (16 - 11) + -1 + -10 + 4?
-2
Evaluate 8 - (14 - 11) - 6.
-1
(8 - (-7 + 18)) + 3 + -3
-3
(1 - -1) + 3 + 0
5
What is the value of -4 + -5 - -6 - -4?
1
Evaluate 0 - -2 - (-14 + (1 - -5)).
10
Calculate -5 + (-6 - -12) + 2 + -3.
0
Evaluate -1 + -1 + (2 - 2).
-2
7 + -2 - (-42 + 51)
-4
What is the value of (-1 - (6 - 2)) + (-21 - -28)?
2
Calculate (4 - (3 + -3)) + -14 + 14.
4
Evaluate -7 - 1 - (-26 - -15).
3
-8 + (-2 - -8 - 2)
-4
0 + -7 - -11 - 11
-7
Calculate 0 - 0 - 0 - 0.
0
Calculate -2 + -2 + 2 + 0 + 1.
-1
What is -5 + (12 - 1 - (31 + -29))?
4
What is (-1 - 0) + (0 - 1) + -1?
-3
What is (1 - -1) + -6 + 6 + 1?
3
(20 - 11 - 8) + (0 - -3)
4
Evaluate 5 + -4 + 3 + (2 - 5).
1
Calculate 4 + (-1 + 8 - 7).
4
What is the value of 1 + (-2 - 0) - (-33 - -28)?
4
What is (-4 - (5 - -4)) + 8?
-5
Calculate -67 - -58 - (-7 - -1).
-3
What is -9 - (-6 - -9) - -2?
-10
What is the value of 2 + (1 - (-3 + 7)) + 4?
3
-5 - (-12 - (-1 - 3))
3
(-1 - 4) + (4 - -1 - 3)
-3
What is the value of 1 + 2 + (-3 - -2)?
2
What is the value of 0 + 0 + 3 + 0 + 2?
5
Evaluate (1 - 4) + 0 + 1.
-2
Calculate -2 - -15 - (0 - (-5 - -3)).
11
What is 1 + -3 - (-3 - -5)?
-4
1 - (-2 - (0 - (-2 + 1)))
4
What is the value of 11 - (-1 - 4 - -11)?
5
What is the value of 0 + -2 - (-57 + 46)?
9
(-5 + -1 - -3) + 4
1
Calculate 2 + -5 - (-5 - (11 - 6)).
7
Evaluate -2 + -5 + 6 + -5.
-6
Calculate 8 + -9 + -1 + 2.
0
Calculate -2 + (-2 - -6 - -5).
7
Evaluate 4 - -3 - (1 + 5).
1
What is the value of 3 + 1 - (-6 - -15)?
-5
Evaluate (3 + 2 - (0 - 1)) + -6.
0
Calculate -2 - (-1 + (-3 + 2 - -2)).
-2
What is the value of 2 + (-1 - (-2 + -3)) + -10?
-4
8 + -6 - 4 - -5
3
Evaluate -4 + 1 + (60 - 60).
-3
What is (-3 - 1) + -4 + (2 - -2)?
-4
Evaluate (27 - 16) + (5 - 20).
-4
3 + 2 + -5 - 4
-4
Evaluate -3 + -1 - 1 - (-5 - 4).
4
What is the value of -1 + -3 + (-1 - (-11 + 1))?
5
Evaluate 5 + (0 - (-1 - -2)) + -8.
-4
Evaluate -2 - 1 - (6 + -3 + -3).
-3
Evaluate (-3 - -2 - (-1 + 4)) + 6.
2
Evaluate (-2 - (-3 + 4)) + 3 + -3.
-3
Calculate -11 - (-7 + (1 - 11)).
6
-1 + (6 - 2) + (-12 - -11)
2
Evaluate 2 + -10 + 35 + -22.
5
Calculate -7 - -2 - (8 - (13 + -2)).
-2
What is -1 - (-4 + 1) - (-1 + 2)?
1
Calculate (-2 - 1) + (0 - -11) + -6.
2
Evaluate 1 + 0 + (8 - (4 + 0)).
5
Calculate -7 - (35 + -38 - (0 - -2)).
-2
What is -10 - -3 - -10 - (2 - 0)?
1
Evaluate (-1 - 2) + (13 - 1 - 5).
4
Calculate -3 + 4 - 0 - 5.
-4
What is 3 - (5 + (7 - 14))?
5
Evaluate 0 - -16 - (3 + 5).
8
Calculate -7 + (2 - (-8 + 5)).
-2
Calculate -10 - (-7 - (12 - 7)).
2
-1 - (7 + -1 + -5) - 2
-4
Evaluate 1 + (-3 + 8 - 5) - -3.
4
-2 - 10 - (-12 - -2)
-2
What is -2 + (-3 - -5) + -2?
-2
5 - (-1 + 10 + -11)
7
What is (-10 - (1 + -5)) + 2?
-4
Calculate -4 - (-4 + 2) - (4 + -1).
-5
What is 6 + (0 - 1) - 2 - -4?
7
Evaluate -3 + (8 - 2) + -6 - 3.
-6
6 + (3 - 8) - (9 - 9)
1
0 + (3 - 6) + -2 + 1
-4
What is 2 - 3 - (-7 + 4)?
2
Calculate -9 + 7 + -7 + 5.
-4
2 + 7 - 6 - 4
-1
Calculate 4 + (-5 - (0 - (0 - -1))).
0
-25 + 17 - (-1 + -18)
11
Calculate -4 - (-6 - -3) - 3.
-4
27 + -30 - (0 - 4)
1
Evaluate (4 - 7) + -1 - 0.
-4
Evaluate 1 + -9 + 12 + -4 + 1.
1
Evaluate (4 - (12 + -7)) + 3.
2
What is -3 - (12 + -7 - 12)?
4
What is the value of -74 - -80 - (-1 - -11)?
-4
What is the value of 22 + -19 + 1 + 4?
8
-6 - (-5 - -7 - 1) - -14
7
What is -1 + -2 - (207 - 206)?
-4
What is the value of 0 + (2 + -1 - 2) + 6?
5
Evaluate (-5 + 8 - 2) + -4.
-3
Calculate -2 + 1 + 7 + -1 + 1.
6
Calculate 5 - 1 - (-11 + 3 - -17).
-5
(7 - -5) + -14 + -2
-4
Evaluate 5 - (4 + (5 - 2)).
-2
Evaluate -6 + (20 - 10) - (2 + 0).
2
What is the value of -5 + 12 + -7 + 13 + -7?
6
What is -2 - (4 + 4 + -14)?
4
-3 + 6 + 1 + 3 + -8
-1
Calculate (4 - 0) + -6 - 3.
-5
Calculate (6 - (6 + -1) - 0) + 8.
9
What is the value of (-9 - -10 - -10) + -6?
5
Calculate (-2 - 5) + 2 + 3 - -1.
-1
Calculate -43 - -39 - (-4 - 0).
0
1 - (5 - (8 + -4)) - -2
2
Calculate -3 + (-5 + 5 - (-1 - 2)).
0
Calculate 5 + (3 - (1 - -2)).
5
0 - 1 - (15 + -9 + -8)
1
What is the value of 3 - ((20 - 17) + (-1 - 3))?
4
Evaluate 2 + 2 + (7 - 14).
-3
Evaluate -8 + 1 + -9 + 13 + -1.
-4
0 - 0 - (-1 + 0)
1
-5 - (-9 + 8) - -5
1
Calculate -3 + 0 + -5 + 3.
-5
What is 6 - (5 - (1 + 7 + -6))?
3
7 + -1 - 1 - (2 + 3)
0
What is 1 - (0 + 1) - (-4 - -3)?
1
What is the value of 0 - (3 + (-5 - -1))?
1
Calculate 0 - ((0 - -1) + (12 - 14)).
1
Evaluate 8 - 7 - (5 + -5).
1
Calculate -4 - (5 + -2 - (9 + 3)).
5
Calculate -17 - -18 - (-4 - (-1 + 1)).
5
What is the value of -3 + -1 - -1 - 1?
-4
-7 + -3 + 4 - -6
0
What is the value of (-6 - (-5 + 1) - 5) + 7?
0
-3 - (-2 + (5 - 7) + 3)
-2
1 - (-14 + 5 + 6) - 6
-2
What is (-3 - 1) + (6 + -4 - 0)?
-2
What is the value of 3 + (2 - (12 - 5))?
-2
What is 0 + (-9 + -2 - (1 - 7))?
-5
Calculate (3 + -6 - 1) + 3.
-1
-11 + (13 - (-6 - -14))
-6
Calculate (7 - 5) + -1 + -4.
-3
Calculate 2 + -1 - (-4 + -4 + 4).
5
What is the value of -11 + (-14 + 9 - -11)?
-5
What is the value of 13 - 5 - (21 + (3 - 11))?
-5
Evaluate (-7 - 1 - (-10 + 8)) + 1.
-5
Calculate -24 + 16 + (-3 - -12).
1
Evaluate 0 + -2 + (-7 - -10).
1
Evaluate -3 + 3 + 0 + -3 + 0.
-3
Evaluate 6 - (11 + -8 - 2).
5
Calculate 0 - (3 + (5 - 15) + 2).
5
Evaluate -1 - (-10 - (-6 - 11)).
-8
Evaluate (-3 - -5) + (-3 + 0 - 0).
-1
Calculate 2 + 13 - (-80 - -93).
2
Calculate -3 + 3 - 3 - (-12 + 16).
-7
Evaluate (-1 - (0 + 6)) + 6.
-1
What is the value of (2 - 0) + 11 + 9 + -22?
0
What is 1 + -2 + 18 + -15?
2
10 - (6 - (13 - 19))
-2
Calculate (20 - 20 - -2) + (0 - -4).
6
What is the value of (-7 + 0 - (-2 - 4)) + 5?
4
What is 6 - (5 + 7 + 3 + -16)?
7
What is the value of -4 + -2 - (-4 + 0 - -5)?
-7
Calculate -1 + (-1 - -3) + (1 - 0).
2
What is 2 - (5 - (0 - 6 - -11))?
2
(9 - 13) + (0 + 1 - -2)
-1
What is the value of (6 - 0 - 7) + 0?
-1
Calculate 0 + (-2 - -10 - 2) + -3.
3
What is 9 + -4 + (1 - 1)?
5
What is 9 - (-4 + 17 - 5)?
1
-2 + 0 + 5 + -2 + 3
4
-1 + 6 + 30 + -25 + -4
6
Calculate -6 - (-8 + (-3 - 1)).
6
What is 